vided by 9269.
1964
What is the remainder when 157177 is divided by 351?
280
What is the remainder when 24976 is divided by 1392?
1312
What is the remainder when 87325 is divided by 6388?
4281
Calculate the remainder when 299251 is divided by 1036.
883
Calculate the remainder when 18962325 is divided by 391.
389
What is the remainder when 4203520 is divided by 3221?
115
Calculate the remainder when 258039 is divided by 14824.
6031
What is the remainder when 168616 is divided by 1222?
1202
What is the remainder when 121830 is divided by 520?
150
Calculate the remainder when 7258507 is divided by 832.
139
What is the remainder when 6759 is divided by 81?
36
Calculate the remainder when 582618 is divided by 238.
232
What is the remainder when 1215870526 is divided by 69?
67
Calculate the remainder when 845342 is divided by 1416.
1406
Calculate the remainder when 145424 is divided by 143104.
2320
What is the remainder when 1368671 is divided by 848?
847
Calculate the remainder when 259983 is divided by 2166.
63
What is the remainder when 26560 is divided by 738?
730
What is the remainder when 688326 is divided by 1245?
1086
Calculate the remainder when 21889771 is divided by 18838.
15
What is the remainder when 3453072 is divided by 225?
222
Calculate the remainder when 170636 is divided by 544.
364
What is the remainder when 3326032 is divided by 171?
82
Calculate the remainder when 285082 is divided by 71052.
874
What is the remainder when 1154762 is divided by 21786?
104
What is the remainder when 12154792 is divided by 57?
55
What is the remainder when 311727 is divided by 30?
27
What is the remainder when 1201927 is divided by 300481?
3
Calculate the remainder when 1572178 is divided by 1267.
1098
Calculate the remainder when 322478 is divided by 426.
422
What is the remainder when 54991 is divided by 52736?
2255
What is the remainder when 883320 is divided by 5104?
328
What is the remainder when 15690589 is divided by 189?
187
Calculate the remainder when 93840 is divided by 13321.
593
What is the remainder when 3826711 is divided by 643?
218
Calculate the remainder when 45067 is divided by 1296.
1003
Calculate the remainder when 72366 is divided by 8982.
510
Calculate the remainder when 25828408 is divided by 62.
14
Calculate the remainder when 4933691 is divided by 137045.
71
What is the remainder when 1577343 is divided by 9065?
33
What is the remainder when 3414147 is divided by 3414144?
3
Calculate the remainder when 1591507 is divided by 71.
42
What is the remainder when 233061 is divided by 44?
37
Calculate the remainder when 1486097 is divided by 17.
8
Calculate the remainder when 475940 is divided by 29.
21
Calculate the remainder when 3159447 is divided by 166283.
70
Calculate the remainder when 1862872 is divided by 2364.
40
Calculate the remainder when 19474929 is divided by 1769.
8
What is the remainder when 11118002 is divided by 2779485?
62
What is the remainder when 1216137 is divided by 110551?
76
What is the remainder when 54998 is divided by 25204?
4590
Calculate the remainder when 553173390 is divided by 242195.
10
Calculate the remainder when 4594250 is divided by 52.
50
What is the remainder when 208943601 is divided by 86?
65
Calculate the remainder when 38609 is divided by 38582.
27
What is the remainder when 622309 is divided by 17757?
814
Calculate the remainder when 72586 is divided by 10117.
1767
What is the remainder when 47723902 is divided by 12?
10
What is the remainder when 142211709 is divided by 236?
233
Calculate the remainder when 8599 is divided by 720.
679
What is the remainder when 50649 is divided by 98?
81
What is the remainder when 606729 is divided by 474?
9
Calculate the remainder when 5384843 is divided by 677.
662
What is the remainder when 3213938 is divided by 95?
88
Calculate the remainder when 920283 is divided by 159.
150
What is the remainder when 55146 is divided by 7122?
5292
Calculate the remainder when 551398 is divided by 237.
136
Calculate the remainder when 23459 is divided by 11666.
127
Calculate the remainder when 551942 is divided by 160.
102
What is the remainder when 174793 is divided by 376?
329
What is the remainder when 1648691 is divided by 770?
121
What is the remainder when 1727511 is divided by 78?
45
Calculate the remainder when 70966379 is divided by 799.
797
Calculate the remainder when 1170375 is divided by 40356.
51
What is the remainder when 35090613 is divided by 53?
2
What is the remainder when 14273 is divided by 7021?
231
Calculate the remainder when 155253 is divided by 1195.
1098
Calculate the remainder when 386026 is divided by 38595.
76
What is the remainder when 5875576 is divided by 1588?
1564
What is the remainder when 100983 is divided by 1441?
113
Calculate the remainder when 2246149 is divided by 71.
64
Calculate the remainder when 776474 is divided by 388170.
134
What is the remainder when 249771 is divided by 249767?
4
What is the remainder when 66893 is divided by 836?
13
Calculate the remainder when 55925689 is divided by 55925683.
6
Calculate the remainder when 134526 is divided by 784.
462
Calculate the remainder when 942552949 is divided by 809.
802
Calculate the remainder when 336575 is divided by 5094.
371
What is the remainder when 9276 is divided by 2895?
591
What is the remainder when 20272 is divided by 1844?
1832
Calculate the remainder when 157519 is divided by 4234.
861
Calculate the remainder when 450077179 is divided by 192.
187
What is the remainder when 1803340 is divided by 1367?
267
Calculate the remainder when 13669 is divided by 4732.
4205
Calculate the remainder when 189928704 is divided by 113.
112
What is the remainder when 218071 is divided by 625?
571
What is the remainder when 1090499 is divided by 271?
266
What is the remainder when 11453301 is divided by 2863324?
5
What is the remainder when 201720588 is divided by 102137?
13
Calculate the remainder when 2301445 is divided by 111.
82
What is the remainder when 17644638 is divided by 5881446?
300
What is the remainder when 1323492 is divided by 50903?
14
Calculate the remainder when 2013016 is divided by 48.
40
Calculate the remainder when 182248605 is divided by 235.
230
Calculate the remainder when 6558215 is divided by 205.
60
Calculate the remainder when 10065293 is divided by 1070.
873
What is the remainder when 135000672 is divided by 815?
812
What is the remainder when 111798505 is divided by 1245?
1240
Calculate the remainder when 42873441 is divided by 974396.
17
What is the remainder when 2602311 is divided by 18?
15
What is the remainder when 68985 is divided by 22874?
363
What is the remainder when 325582 is divided by 102?
100
What is the remainder when 1684326 is divided by 70176?
102
Calculate the remainder when 1480652 is divided by 165.
107
What is the remainder when 5415285 is divided by 1805088?
21
Calculate the remainder when 4841121 is divided by 4841101.
20
What is the remainder when 75945 is divided by 323?
40
What is the remainder when 323844 is divided by 230?
4
Calculate the remainder when 942351 is divided by 4133.
27
What is the remainder when 5902535 is divided by 33?
23
What is the remainder when 17175221 is divided by 858761?
1
What is the remainder when 450167503 is divided by 1616?
1615
Calculate the remainder when 298954 is divided by 24.
10
What is the remainder when 1610615 is divided by 107?
51
Calculate the remainder when 15470081 is divided by 36572.
125
What is the remainder when 656750704 is divided by 2269?
2268
Calculate the remainder when 13706212 is divided by 2560.
2532
Calculate the remainder when 17901128 is divided by 27.
20
What is the remainder when 832712 is divided by 1060?
612
Calculate the remainder when 4797 is divided by 3063.
1734
What is the remainder when 93127 is divided by 411?
241
Calculate the remainder when 1030432 is divided by 1306.
1304
What is the remainder when 42661456 is divided by 650?
6
Calculate the remainder when 4438406 is divided by 43.
32
Calculate the remainder when 91761 is divided by 50.
11
Calculate the remainder when 24910990 is divided by 1779353.
48
Calculate the remainder when 4787 is divided by 2142.
503
What is the remainder when 10164426 is divided by 282?
18
Calculate the rema